{"id":193,"date":"2026-01-20T06:46:46","date_gmt":"2026-01-20T09:46:46","guid":{"rendered":"https:\/\/magnaverso.com.br\/?post_type=product&#038;p=193"},"modified":"2026-03-22T09:21:13","modified_gmt":"2026-03-22T12:21:13","slug":"professor-abel-dando-instrucoes-5","status":"publish","type":"product","link":"https:\/\/magnaverso.com.br\/?product=professor-abel-dando-instrucoes-5","title":{"rendered":"Professor Abel dando instru\u00e7\u00f5es"},"content":{"rendered":"<p data-start=\"145\" data-end=\"349\">A Magnaverso apresenta uma homenagem \u00fanica ao comandante da Academia! Esta escultura caricata de <strong data-start=\"242\" data-end=\"259\">Abel Ferreira<\/strong> \u00e9 um modelo exclusivo, criado com riqueza de detalhes para os verdadeiros palmeirenses.<\/p>\n<p data-start=\"351\" data-end=\"642\">\u2714\ufe0f <strong data-start=\"354\" data-end=\"373\">25 cm de altura<\/strong> \u2013 presen\u00e7a marcante na sua cole\u00e7\u00e3o.<br data-start=\"409\" data-end=\"412\" \/>\u2714\ufe0f Produzida em <strong data-start=\"428\" data-end=\"467\">pl\u00e1stico e resina de alta qualidade<\/strong>.<br data-start=\"468\" data-end=\"471\" \/>\u2714\ufe0f <strong data-start=\"474\" data-end=\"491\">Pintada \u00e0 m\u00e3o<\/strong>, com acabamento premium.<br data-start=\"516\" data-end=\"519\" \/>\u2714\ufe0f Base inspirada no Allianz Parque e o porco s\u00edmbolo da torcida.<br data-start=\"584\" data-end=\"587\" \/>\u2714\ufe0f <strong data-start=\"590\" data-end=\"609\">Edi\u00e7\u00e3o limitada<\/strong> \u2013 apenas para os mais r\u00e1pidos!<\/p>\n<p data-start=\"644\" data-end=\"717\">\ud83d\udfe2 Garanta j\u00e1 a sua e mostre o orgulho de ser Verd\u00e3o. Estoque limitado!<\/p>\n","protected":false},"excerpt":{"rendered":"<p>Aproveite agora mesmo a promo\u00e7\u00e3o de miniaturas da Magnaverso. Professor ABEL com 20% de desconto!<\/p>\n","protected":false},"featured_media":353,"comment_status":"open","ping_status":"closed","template":"","meta":[],"product_brand":[],"product_cat":[22],"product_tag":[],"class_list":{"0":"post-193","1":"product","2":"type-product","3":"status-publish","4":"has-post-thumbnail","6":"product_cat-futebol","7":"product_shipping_class-pacotepesado","9":"first","10":"instock","11":"sale","12":"shipping-taxable","13":"purchasable","14":"product-type-simple"},"_links":{"self":[{"href":"https:\/\/magnaverso.com.br\/index.php?rest_route=\/wp\/v2\/product\/193","targetHints":{"allow":["GET"]}}],"collection":[{"href":"https:\/\/magnaverso.com.br\/index.php?rest_route=\/wp\/v2\/product"}],"about":[{"href":"https:\/\/magnaverso.com.br\/index.php?rest_route=\/wp\/v2\/types\/product"}],"replies":[{"embeddable":true,"href":"https:\/\/magnaverso.com.br\/index.php?rest_route=%2Fwp%2Fv2%2Fcomments&post=193"}],"wp:featuredmedia":[{"embeddable":true,"href":"https:\/\/magnaverso.com.br\/index.php?rest_route=\/wp\/v2\/media\/353"}],"wp:attachment":[{"href":"https:\/\/magnaverso.com.br\/index.php?rest_route=%2Fwp%2Fv2%2Fmedia&parent=193"}],"wp:term":[{"taxonomy":"product_brand","embeddable":true,"href":"https:\/\/magnaverso.com.br\/index.php?rest_route=%2Fwp%2Fv2%2Fproduct_brand&post=193"},{"taxonomy":"product_cat","embeddable":true,"href":"https:\/\/magnaverso.com.br\/index.php?rest_route=%2Fwp%2Fv2%2Fproduct_cat&post=193"},{"taxonomy":"product_tag","embeddable":true,"href":"https:\/\/magnaverso.com.br\/index.php?rest_route=%2Fwp%2Fv2%2Fproduct_tag&post=193"}],"curies":[{"name":"wp","href":"https:\/\/api.w.org\/{rel}","templated":true}]}}